4) to base 3
-11002201
What is -425 (base 15) in base 3?
-1021122
Convert 1110010111 (base 2) to base 5.
12134
What is -323213 (base 7) in base 15?
-11a75
What is 6a15 (base 12) in base 2?
10111000110001
Convert 25565 (base 8) to base 10.
11125
3231303 (base 4) to base 10
15219
Convert 2118b (base 13) to base 15.
129d8
What is 6d4 (base 16) in base 8?
3324
What is -11010010101 (base 2) in base 15?
-775
What is -605 (base 16) in base 12?
-a85
-3161 (base 7) to base 11
-92a
17337 (base 10) to base 13
7b78
What is 1891 (base 12) in base 9?
4081
Convert -999 (base 14) to base 3.
-2121100
What is 10110110100 (base 2) in base 15?
675
669 (base 11) to base 14
413
Convert 164 (base 11) to base 5.
1231
Convert -bed (base 15) to base 9.
-3627
What is -2303 (base 4) in base 16?
-b3
What is -42113 (base 5) in base 9?
-3732
Convert -203054 (base 6) to base 10.
-16234
Convert 14d (base 14) to base 12.
1a1
-2c221 (base 13) to base 7
-466315
1432 (base 8) to base 4
30122
What is -338 (base 10) in base 3?
-110112
What is -2aa5 (base 14) in base 2?
-1110110101001
Convert 2bc6 (base 13) to base 10.
6415
What is -22402 (base 6) in base 13?
-159b
What is 101122122 (base 3) in base 14?
2b8a
-8c6 (base 16) to base 12
-1372
10000110110011 (base 2) to base 9
12745
What is 1312303 (base 4) in base 12?
4497
What is -4511 (base 9) in base 4?
-310003
What is 34286 (base 12) in base 6?
1253450
123302 (base 4) to base 3
2102212
Convert 34173 (base 10) to base 14.
c64d
Convert -110111001111 (base 2) to base 5.
-103120
Convert 111111101 (base 2) to base 13.
302
What is 1aa (base 11) in base 12?
181
-10562 (base 8) to base 9
-6112
What is -2ea7 (base 16) in base 5?
-340233
Convert 3211033 (base 4) to base 15.
4531
Convert 244164 (base 7) to base 13.
17454
-2439 (base 16) to base 13
-42b4
What is 1023 (base 14) in base 9?
3723
Convert -409b (base 16) to base 9.
-24616
What is 1662 (base 9) in base 8?
2367
What is 1d3 (base 15) in base 2?
110100111
What is 2202120102 (base 3) in base 4?
31101122
-235 (base 9) to base 14
-dc
What is 3301 (base 9) in base 12?
14a7
Convert -124 (base 8) to base 16.
-54
Convert 2210 (base 5) to base 16.
131
What is 718 (base 13) in base 4?
102310
What is -2318 (base 10) in base 7?
-6521
Convert 23423 (base 6) to base 8.
6507
Convert -2120134 (base 5) to base 12.
-18785
Convert 10991 (base 11) to base 13.
7289
What is -105532 (base 6) in base 15?
-2a3b
-122101010 (base 3) to base 9
-18333
What is -1905 (base 11) in base 8?
-4571
What is 351325 (base 6) in base 10?
30149
Convert 340201 (base 5) to base 2.
10111010010110
What is -787 (base 14) in base 4?
-113103
What is -16522 (base 7) in base 10?
-4720
Convert 4404 (base 11) to base 15.
1ac7
Convert -521 (base 9) to base 11.
-356
What is -66745 (base 8) in base 6?
-334125
Convert -3976 (base 12) to base 3.
-100000100
Convert -1211232 (base 4) to base 2.
-1100101101110
What is -61958 (base 10) in base 3?
-10010222202
-433234 (base 6) to base 5
-2120414
-3455 (base 9) to base 5
-40221
Convert -5b7 (base 13) to base 11.
-825
Convert -5507 (base 12) to base 8.
-22227
Convert -21054 (base 9) to base 8.
-33114
Convert -2800 (base 9) to base 4.
-200322
What is 2122 (base 7) in base 5?
11001
Convert 65 (base 8) to base 6.
125
What is -1053 (base 6) in base 3?
-100020
Convert -5b (base 12) to base 16.
-47
What is -3550 (base 10) in base 12?
-207a
1a24 (base 15) to base 12
3337
Convert -2ddb (base 16) to base 10.
-11739
What is 12124 (base 5) in base 10?
914
Convert 1010000000 (base 3) to base 7.
120522
Convert 24011 (base 7) to base 16.
1826
144415 (base 6) to base 15
421e
1184 (base 12) to base 10
1972
What is -1559 (base 13) in base 11?
-2383
Convert 75121 (base 8) to base 3.
1120221202
Convert -269 (base 14) to base 16.
-1e5
Convert 23101303 (base 4) to base 10.
46195
-13103 (base 4) to base 13
-29c
What is -9905 (base 10) in base 12?
-5895
-baa (base 12) to base 16
-6b2
908b (base 13) to base 3
1000021121
Convert 9a3 (base 11) to base 6.
5322
What is 13573 (base 8) in base 6?
43455
1104 (base 8) to base 9
714
What is 200 (base 5) in base 4?
302
What is 371 (base 13) in base 11?
4a5
5072 (base 9) to base 3
12002102
22330 (base 5) to base 8
3066
Convert -4243 (base 6) to base 10.
-963
101101 (base 4) to base 2
10001010001
-3637 (base 9) to base 8
-5223
What is -2242 (base 8) in base 5?
-14221
Convert -143 (base 16) to base 14.
-191
Convert 17925 (base 10) to base 3.
220120220
What is -100100110101010 (base 2) in base 13?
-8778
What is -1002121101 (base 3) in base 9?
-32541
Convert d135 (base 14) to base 5.
2122130
What is -14775 (base 8) in base 11?
-4aa9
-100101111111 (base 2) to base 9
-3301
What is -186 (base 13) in base 4?
-10113
Convert -10610 (base 8) to base 13.
-2073
What is -3aa5 (base 11) in base 13?
-2561
-557 (base 8) to base 3
-111121
What is 167 (base 16) in base 3?
111022
What is 505 (base 15) in base 6?
5122
What is 91a (base 12) in base 8?
2446
-32a (base 14) to base 8
-1162
Convert 111221201 (base 3) to base 6.
115031
21354 (base 8) to base 14
3388
-1347 (base 15) to base 5
-112432
Convert 8c (base 15) to base 10.
132
Convert -12423 (base 7) to base 11.
-2530
153a (base 11) to base 4
132323
What is -3cc (base 13) in base 10?
-675
What is 2731 (base 12) in base 2?
1000110010101
What is -1565 (base 9) in base 11?
-995
-6335 (base 8) to base 9
-4458
Convert 2421 (base 6) to base 5.
4324
What is -44211 (base 7) in base 5?
-323312
What is -1301 (base 7) in base 14?
-271
What is -26102 (base 7) in base 14?
-2739
Convert 4203 (base 7) to base 14.
773
42 (base 12) to base 10
50
Convert -231232 (base 4) to base 13.
-1441
What is 21440 (base 9) in base 3?
201111100
Convert -c7cb (base 14) to base 12.
-17b53
What is -20213 (base 4) in base 10?
-551
Convert 2122011102 (base 3) to base 12.
26032
What is -89e (base 16) in base 12?
-133a
-103120220 (base 4) to base 7
-450326
Convert 21012 (base 3) to base 12.
142
-13288 (base 10) to base 2
-11001111101000
-72a0 (base 15) to base 12
-12029
Convert 2ad (base 15) to base 8.
1145
-39a (base 11) to base 12
-334
-d08 (base 16) to base 12
-1b20
185 (base 15) to base 3
110222
100011 (base 3) to base 12
187
What is 305421 (base 6) in base 11?
17502
Convert -51277 (base 8) to base 10.
-21183
Convert -406 (base 7) to base 10.
-202
-1d2 (base 16) to base 11
-394
Convert 2386 (base 13) to base 9.
6777
What is 6d (base 14) in base 4?
1201
Convert -79 (base 15) to base 12.
-96
What is -15783 (base 9) in base 11?
-8172
-68 (base 13) to base 4
-1112
What is 12000201 (base 3) in base 5?
104124
What is -5337 (base 10) in base 12?
-3109
Convert -216 (base 14) to base 7.
-1126
-1524 (base 8) to base 11
-705
Convert 110111011100 (base 2) to base 13.
17cc
Convert 3310410 (base 5) to base 13.
1cc21
-19c (base 15) to base 2
-101110100
49c8 (base 13) to base 4
2203221
What is 2420 (base 5) in base 16?
168
Convert 23351 (base 6) to base 14.
1335
What is -1212100021 (base 3) in base 15?
-ad1a
13121002 (base 4) to base 3
1112112021
286 (base 9) to base 14
132
What is 2000012020 (base 3) in base 15?
ba8c
What is -13032 (base 4) in base 5?
-3322
1011010110 (base 2) to base 11
600
What is 44421 (base 5) in base 8?
6047
15414 (base 10) to base 15
4879
Convert 243 (base 11) to base 5.
2124
Convert -523 (base 16) to base 6.
-10031
-ce0 (base 15) to base 8
-5536
Convert 80940 (base 10) to base 3.
11010000210
-363 (base 11) to base 15
-1dc
Convert -1011010110100 (base 2) to base 8.
-13264
Convert -8792 (base 12) to base 10.
-14942
What is -44322 (base 8) in base 9?
-27513
-2827 (base 10) to base 11
-2140
What is -11432 (base 6) in base 9?
-2262
Convert 1000111010101000 (base 2) to base 3.
1212002121
What is -14c76 (base 15) in base 5?
-4120221
What is -5ca (base 14) in base 3?
-1120220
14a0 (base 13) to base 7
11520
What is -aa8 (base 12) in base 10?
-1568
What is -13d7 (base 14) in base 16?
-dc1
1020 (base 10) to base 6
4420
What is 10111 (base 2) in base 7?
32
Convert -36a (base 14) to base 4.
-22222
What is -11110001011 (base 2) in base 7?
-5426
-40131 (base 8) to base 5
-1011343
What is 31222 (base 6) in base 11?
316a
What is 20210232 (base 4) in base 16?
892e
What is -de8d (base 16) in base 7?
-325050
Convert 81 (base 15) to base 8.
171
-2112101 (base 4) to base 14
-370d
Convert 21